the remainder when 1368 is divided by 155?
128
Calculate the remainder when 3097 is divided by 127.
49
What is the remainder when 1855 is divided by 109?
2
What is the remainder when 26529 is divided by 15?
9
Calculate the remainder when 15255 is divided by 492.
3
Calculate the remainder when 49235 is divided by 16403.
26
Calculate the remainder when 6198 is divided by 5852.
346
Calculate the remainder when 38444 is divided by 29.
19
Calculate the remainder when 7164 is divided by 2387.
3
Calculate the remainder when 777866 is divided by 10.
6
Calculate the remainder when 172 is divided by 150.
22
What is the remainder when 11678 is divided by 31?
22
Calculate the remainder when 17642 is divided by 1252.
114
What is the remainder when 9977 is divided by 4987?
3
Calculate the remainder when 5552 is divided by 551.
42
What is the remainder when 206767 is divided by 16?
15
What is the remainder when 3230 is divided by 21?
17
What is the remainder when 1150211 is divided by 338?
335
What is the remainder when 4647 is divided by 4605?
42
Calculate the remainder when 19316 is divided by 1485.
11
Calculate the remainder when 1360361 is divided by 1359.
2
Calculate the remainder when 298180 is divided by 497.
477
Calculate the remainder when 1284233 is divided by 9.
5
What is the remainder when 31928 is divided by 70?
8
Calculate the remainder when 3288 is divided by 983.
339
What is the remainder when 28250 is divided by 58?
4
What is the remainder when 443199 is divided by 587?
14
What is the remainder when 81683 is divided by 67?
10
What is the remainder when 33092 is divided by 33058?
34
What is the remainder when 1083 is divided by 12?
3
Calculate the remainder when 15121 is divided by 894.
817
What is the remainder when 784807 is divided by 9?
7
Calculate the remainder when 64368 is divided by 77.
73
What is the remainder when 16930 is divided by 88?
34
Calculate the remainder when 1270027 is divided by 1427.
1424
Calculate the remainder when 14908 is divided by 319.
234
Calculate the remainder when 535388 is divided by 396.
392
Calculate the remainder when 3796 is divided by 1061.
613
What is the remainder when 1188523 is divided by 2251?
2246
What is the remainder when 2323775 is divided by 741?
740
Calculate the remainder when 84314 is divided by 42151.
12
What is the remainder when 470 is divided by 241?
229
What is the remainder when 5909 is divided by 43?
18
Calculate the remainder when 800035 is divided by 17.
15
What is the remainder when 884957 is divided by 51?
5
Calculate the remainder when 392025 is divided by 364.
361
What is the remainder when 77309 is divided by 25?
9
Calculate the remainder when 48335 is divided by 3.
2
What is the remainder when 185202 is divided by 2231?
29
What is the remainder when 74959 is divided by 42?
31
What is the remainder when 1235 is divided by 62?
57
What is the remainder when 35274 is divided by 79?
40
Calculate the remainder when 1009506 is divided by 2505.
2496
What is the remainder when 5528 is divided by 283?
151
What is the remainder when 370419 is divided by 40?
19
Calculate the remainder when 342449 is divided by 18.
17
What is the remainder when 1277423 is divided by 1387?
1383
What is the remainder when 77985 is divided by 134?
131
What is the remainder when 949 is divided by 238?
235
Calculate the remainder when 85539 is divided by 22.
3
Calculate the remainder when 10708 is divided by 90.
88
What is the remainder when 2181815 is divided by 756?
755
Calculate the remainder when 35041 is divided by 43.
39
What is the remainder when 10161 is divided by 5004?
153
Calculate the remainder when 5674 is divided by 204.
166
Calculate the remainder when 26963 is divided by 8986.
5
Calculate the remainder when 38163 is divided by 104.
99
What is the remainder when 5132 is divided by 1110?
692
What is the remainder when 10666 is divided by 28?
26
What is the remainder when 2797 is divided by 627?
289
What is the remainder when 515802 is divided by 685?
682
What is the remainder when 2802 is divided by 3?
0
Calculate the remainder when 1362 is divided by 67.
22
Calculate the remainder when 32457 is divided by 1621.
37
Calculate the remainder when 6243 is divided by 566.
17
Calculate the remainder when 260267 is divided by 10008.
59
What is the remainder when 19657 is divided by 1072?
361
Calculate the remainder when 10604 is divided by 894.
770
What is the remainder when 94638 is divided by 158?
154
Calculate the remainder when 26605 is divided by 631.
103
What is the remainder when 21788 is divided by 256?
28
What is the remainder when 5737 is divided by 2860?
17
Calculate the remainder when 14654 is divided by 64.
62
Calculate the remainder when 16563 is divided by 8177.
209
Calculate the remainder when 25939 is divided by 1975.
264
Calculate the remainder when 11980434 is divided by 1405.
1404
Calculate the remainder when 2858 is divided by 222.
194
What is the remainder when 987 is divided by 151?
81
What is the remainder when 103276 is divided by 51628?
20
What is the remainder when 268901 is divided by 89627?
20
Calculate the remainder when 19149 is divided by 10.
9
Calculate the remainder when 5118002 is divided by 187.
186
What is the remainder when 15145802 is divided by 39?
35
What is the remainder when 13405 is divided by 90?
85
Calculate the remainder when 86591 is divided by 100.
91
What is the remainder when 5215 is divided by 67?
56
Calculate the remainder when 114234 is divided by 18.
6
What is the remainder when 6048 is divided by 214?
56
What is the remainder when 707 is divided by 389?
318
What is the remainder when 80846 is divided by 366?
326
What is the remainder when 7271 is divided by 96?
71
What is the remainder when 15640 is divided by 1737?
7
Calculate the remainder when 83300 is divided by 975.
425
Calculate the remainder when 77175 is divided by 114.
111
Calculate the remainder when 2140 is divided by 802.
536
What is the remainder when 15648 is divided by 172?
168
What is the remainder when 3926868 is divided by 10?
8
Calculate the remainder when 267692 is divided by 572.
568
What is the remainder when 1163 is divided by 705?
458
What is the remainder when 13201 is divided by 472?
457
Calculate the remainder when 1880 is divided by 1151.
729
Calculate the remainder when 12120 is divided by 319.
317
What is the remainder when 5052 is divided by 123?
9
Calculate the remainder when 4012 is divided by 2006.
0
What is the remainder when 1820 is divided by 631?
558
Calculate the remainder when 437734 is divided by 567.
10
Calculate the remainder when 41998 is divided by 20992.
14
Calculate the remainder when 209957 is divided by 1944.
5
What is the remainder when 214213 is divided by 14?
13
What is the remainder when 415 is divided by 149?
117
What is the remainder when 14691 is divided by 1232?
1139
Calculate the remainder when 109039 is divided by 1848.
7
Calculate the remainder when 9002 is divided by 63.
56
Calculate the remainder when 601482 is divided by 72.
66
What is the remainder when 55775 is divided by 334?
331
What is the remainder when 6962 is divided by 9?
5
What is the remainder when 34204 is divided by 325?
79
Calculate the remainder when 80543 is divided by 39.
8
What is the remainder when 754418 is divided by 251471?
5
What is the remainder when 53383 is divided by 1161?
1138
What is the remainder when 49228 is divided by 37?
18
What is the remainder when 4124 is divided by 295?
289
Calculate the remainder when 2148 is divided by 210.
48
Calculate the remainder when 178 is divided by 144.
34
Calculate the remainder when 6133 is divided by 212.
197
Calculate the remainder when 3713 is divided by 63.
59
Calculate the remainder when 2524362 is divided by 470.
462
Calculate the remainder when 225268 is divided by 61.
56
Calculate the remainder when 42263 is divided by 8452.
3
What is the remainder when 54705 is divided by 222?
93
Calculate the remainder when 37585 is divided by 33.
31
What is the remainder when 1328564 is divided by 11?
6
What is the remainder when 842 is divided by 261?
59
Calculate the remainder when 78140 is divided by 19501.
136
What is the remainder when 59724 is divided by 23?
16
What is the remainder when 130847 is divided by 19?
13
W